rime factors of b?
2, 13
Suppose 5*f - 3*o = 53, -55 = -0*f - 5*f + 5*o. Let q(u) = -32 + 9*u + f*u**2 - 7*u**2 + 13. What are the prime factors of q(-9)?
11, 13
Let b(u) = -u**3 + 12*u**2 - 10*u - 7. Suppose -6*s + 348 = 60. Let o = 59 - s. What are the prime factors of b(o)?
2
Let n = 3 + 8. Let c = -6989 + 6579. List the prime factors of (n/(-4))/(c/136 - -3).
11, 17
List the prime factors of ((-186)/4 + 0)*184*(-1)/2.
2, 3, 23, 31
Let g(w) = -11566*w - 2702. What are the prime factors of g(-3)?
2, 19, 421
Suppose 2*t + 5*t - 8631 = 0. Let i = t - -34. What are the prime factors of i?
7, 181
Suppose 5*d - 27500 = 3*i, 13*d = 11*d + 5*i + 10981. What are the prime factors of d?
5503
Let z(g) be the first derivative of -6*g - 5 + 149/2*g**2. List the prime factors of z(1).
11, 13
Suppose 0 = -3*y + 11*y + 2272. Let k = 630 + y. List the prime factors of k.
2, 173
Let g(t) = 6*t - 134. Let q be g(24). Suppose -2*z = q, -3*x - 5*z = -5*x + 567. List the prime factors of x.
271
Suppose 4*o = -2*d + 111048, -14*o + 17*o - 5*d - 83299 = 0. List the prime factors of o.
27763
Let h be -6 + 1 - (-42)/7. Let n be 222/1 + h - (-8 + 8). Let k = n + -46. List the prime factors of k.
3, 59
Suppose -1978*c + 132264 = -1966*c. What are the prime factors of c?
2, 3, 11, 167
Let h(c) = 21*c**2 + 26*c - 218. List the prime factors of h(12).
2, 1559
Suppose 0 = -7*i + 81 - 11. What are the prime factors of 113*(-4 + i + -5)?
113
Let l = -1925 - -2864. List the prime factors of (l/9 - (-18)/(-9))*3.
307
Let q(x) = -2*x - 4. Let l be q(-10). Let u = l - 24. List the prime factors of 157 - 5/(10/u).
7, 23
List the prime factors of (42840/189)/((-3)/((-297)/6)).
2, 5, 11, 17
Suppose 0 = -2*z + z + 58. Suppose -4*j = 114 + z. Let w = 35 - j. What are the prime factors of w?
2, 3, 13
Let z(t) be the first derivative of 4*t + 7/2*t**2 + 32 + 5/3*t**3 + 1/4*t**4. List the prime factors of z(-2).
2
Suppose -5*o + 3 = -4*o. Suppose -5*n + o = 3*u, n - 5*n + u - 1 = 0. Suppose -4*h + 5*v = -0*v - 359, n = 2*h + 4*v - 160. List the prime factors of h.
2, 43
List the prime factors of 176/(-220) - 43394/(-5).
2, 4339
Let l be (8 - (-2 + 5))/((-10)/(-86)). Let c(p) = 78*p**2 + p. Let y be c(1). Let t = y - l. List the prime factors of t.
2, 3
Let w(m) = -28 - 12 + 271*m - 70*m - 46. List the prime factors of w(2).
2, 79
What are the prime factors of -9*(189434/42)/(-7)?
3, 1933
Let t = 71 + 55. Let w = t + -34. List the prime factors of w.
2, 23
List the prime factors of ((-4060)/(-8))/(61/366).
3, 5, 7, 29
Suppose -5*l + 10*l - 243552 = -c, -2*c = -27*l + 1315203. What are the prime factors of l?
3, 13, 1249
Let n(f) be the first derivative of f**4/4 - 17*f**3/3 + 29*f**2/2 - 5*f - 110. What are the prime factors of n(16)?
7, 29
Let f be 11/(2/(-112)*-4). Let y = 26 + f. What are the prime factors of y?
2, 3, 5
List the prime factors of -4765*((-2)/4 + (-242)/220).
2, 953
Suppose -3*h + 488 = r, 3*r - 161 = -h + r. Suppose 0 = -z + h + 199. List the prime factors of z.
2, 181
Let r(a) = 42*a**3 + 11*a**2 - 56*a. What are the prime factors of r(6)?
2, 3, 761
Suppose 18*l + 22865 = 103*l. What are the prime factors of l?
269
Suppose 0 = -3*r - 4*w + 11975 + 12155, -5*r - 2*w = -40226. What are the prime factors of r?
2, 3, 149
Suppose 5*i - 4266 = 2*a, 673 = i + 2*a - 185. What are the prime factors of i?
2, 7, 61
Let w(x) be the first derivative of 10*x**3/3 - 2*x**2 - 118*x + 134. List the prime factors of w(-9).
2, 7, 13
Let d(v) = v**2 + 2*v + 9. Let r be d(0). Let g(s) = s**2 - 9*s - 27. Let u be g(r). Let f = u + 94. List the prime factors of f.
67
Suppose -47*a = -51*a - 16. Let b = 416 - a. List the prime factors of b.
2, 3, 5, 7
Suppose -5*n - 17 = 13. What are the prime factors of (38 + -8)/n - 436*-1?
431
Let f(b) = -6 - 2*b**3 - 4 + 7 - b + 0*b + b**2. Suppose 14 = -2*j - 3*l, 3*j + 8 = -0*l + 2*l. What are the prime factors of f(j)?
5, 29
Suppose x = -5*u + 17785, 0 = -5*u + 11*x - 6*x + 17785. What are the prime factors of u?
3557
Suppose -19*r + 15 = -14*r. Suppose r*u - 5*k - 1403 = -u, 350 = u - k. List the prime factors of u.
347
Suppose 9*f = 4*p + 4*f - 13366, 2*p + 5*f = 6698. Suppose -p = 15*h - 23*h. List the prime factors of h.
2, 11, 19
Let o be (-12 + 162/12)*(-664)/6. Let b = o + 312. List the prime factors of b.
2, 73
Let d be -6 + 52*(-26)/2. Let m = -349 - d. List the prime factors of m.
3, 37
Suppose 12 = 4*b, -m = -7*b + 4*b - 8. List the prime factors of -6 + (-242074)/(-238) + (-2)/m.
3, 337
Let q be -3 - ((-7)/(-28))/(1/(-76)). Suppose 4433 = -q*g + 15105. What are the prime factors of g?
23, 29
Let h(g) = 20*g**2 - 2*g + 2. Let l be (-48)/18*(-4)/(16/6). List the prime factors of h(l).
2, 157
Let l(x) = 124*x**3 - 3*x**2 + 10*x - 5. Let a(t) = t**3 + 1. Let m(k) = a(k) + l(k). List the prime factors of m(2).
2, 251
Suppose 33*x = 35*x + 2*p - 30988, -3*p = -4*x + 61941. What are the prime factors of x?
3, 1721
Let v = -24 + 23. Let b = v + 6. Suppose 0 = 4*h + 2*u + 2*u - 760, 0 = b*h - 2*u - 964. What are the prime factors of h?
2, 3
Let n(v) = v**2 + 20*v - 61. Let y be n(3). Suppose 22734 = 10*o + y*o. List the prime factors of o.
3, 421
Suppose -j = -2*a - 5417 - 6935, -3*j + 5*a + 37065 = 0. List the prime factors of j.
2, 5, 1237
Let z(n) = 13*n - 2690. Let b be z(0). List the prime factors of b/25*-5 - 4.
2, 3, 89
Let t(s) = -s**2 - 10*s + 63. Let r be t(-14). Suppose r*q = -8*q + 3390. What are the prime factors of q?
2, 113
Let x be 0 - (-2)/6*0/12. Suppose x = 4*k - 4565 + 1129. List the prime factors of k.
859
Suppose -17*g = -22*g + 25. Suppose g*n + 154 = -271. Let u = 178 + n. What are the prime factors of u?
3, 31
Suppose 0 = w - 1331 - 25. Let t = w + -427. Suppose -t - 446 = -5*m. List the prime factors of m.
5, 11
Suppose 28*l - 6 = 27*l. List the prime factors of -289*8/(-2 - l).
17
Let q = -207 + 209. Suppose -2*l = -q*t - t + 210, -3*l - 350 = -5*t. What are the prime factors of t?
2, 5, 7
Let w = 30 - 30. Let s be ((-6)/4)/((-3)/4 - w). Suppose -s*d - 3*d - 4*y = -253, 4*y + 12 = 0. List the prime factors of d.
53
Let i = -223 - -322. What are the prime factors of (-11)/i - (-7184)/18?
3, 7, 19
Suppose -375*n = -377*n + 7808. Suppose -57*k + 49*k + n = 0. What are the prime factors of k?
2, 61
Let m(x) = 1262*x**3 - 6*x + 6. Let w(j) = j**3 + 11*j**2 + 7*j - 29. Let v be w(-10). List the prime factors of m(v).
2, 631
Suppose 50*f = 2948613 - 825163. List the prime factors of f.
7, 6067
Let d be (-1)/(2*(-2)/(-124)). Let z = 1300 - 1274. Let c = z - d. What are the prime factors of c?
3, 19
Let y(s) = 1585*s + 854. List the prime factors of y(6).
2, 2591
What are the prime factors of (-24)/(-4) + -7 - 36963/(-9)?
2, 2053
Let o(i) = 83*i + 34. Let x(t) = 208*t + 84. Let z(u) = -12*o(u) + 5*x(u). List the prime factors of z(9).
2, 3, 17
Suppose 3*v - 79352 = -4*u, 9*u - 16*u = 3*v - 138857. List the prime factors of u.
5, 3967
Let j be 46/3*(-18)/6. Let r = j + 56. Suppose 14*x - 404 = r*x. What are the prime factors of x?
101
Let f be 869 - (-6 + 3 - -5). Suppose 4*r + 5*m - 849 = -0*r, 4*r - m = f. What are the prime factors of r?
2, 3
Let p be (-1)/2*11/(66/(-1704)). Suppose 2*l - p = 3*l - 2*f, -4*l + 3*f - 573 = 0. Let k = 246 + l. List the prime factors of k.
2, 3, 17
Suppose 2*f - 342 = -4*f. Suppose 0 = 5*g - c - f, -5*c + 41 = 3*g - 10. Suppose 15*b - 14*b - g = 0. What are the prime factors of b?
2, 3
Suppose -8*u - 652 = -12*u. Let i = 234 - u. What are the prime factors of i?
71
Suppose -3*x - 1368 = 3*q, 1368 = 9*q - 12*q + 2*x. Let p = 600 + q. What are the prime factors of p?
2, 3
Suppose -477 = -3*y - 102. Let j be 2/19 - 2520/1197. Let o = j + y. What are the prime factors of o?
3, 41
Suppose 4*j = 0, -q + 740 = q + 5*j. Let g = q - 215. List the prime factors of ((-36)/(-45))/(2 - 308/g).
2, 31
Suppose z - 9*y - 24 = -5*y, y + 21 = 4*z. Suppose 0 = -5*w - 2*i + 3*i + 420, 20 = z*i. What are the prime factors of w?
5, 17
Let g(z) be the second derivative of z**5/20 + 2*z**4/3 - z**3 - z**2/2 + 25*z. Let y be g(-6). Suppose y + 149 = v. What are the prime factors of v?
2
Suppose 0 = 5*l - 2*o - 251, 3*o = 2*l + 2*l - 205. Suppose 8*r - 7*r + 204 = 4*s, 0 = 4*s + r - 204. Let g = s + l. What are the pri